 b(-9). Suppose -255 = -5*h - 3*n, 0 = h - 0*n + p*n - 73. Suppose 4*w = -g + 6, -h = g - 4*g + 3*w. Is g prime?
False
Suppose 4*m = 122 + 450. Suppose 4*t = -3*v + m, -2*t = -2*v + 2*t + 102. Is v a prime number?
False
Let d(v) = -7*v - 4. Let z(y) = 14*y + 7. Let l(r) = 7*d(r) + 4*z(r). Let i be l(4). Let w = -18 + i. Is w prime?
False
Let r be ((-1)/(-3))/(4/372). Suppose r = 4*p - 5. Let i = 0 + p. Is i composite?
True
Let r be (-2)/5 - (-3636)/15. Let v = r + -93. Is v composite?
False
Let g = -555 + 1462. Is g a composite number?
False
Let a(s) = s**3 + 9*s**2 - s + 7. Is a(-8) a prime number?
True
Is 1458 - (1 + -6 + 2) a composite number?
True
Suppose -125 = -5*i - 5*v + 220, -3*i + 4*v = -207. Suppose 0 = -3*p + 30 + i. Let g = 56 - p. Is g prime?
True
Let q(z) = -z + 12. Let v be q(9). Suppose 2*b - 47 = -5*a + 24, 0 = -v*a + 4*b + 53. Let f = 76 + a. Is f a prime number?
False
Let p(b) = 110*b - 11. Let y(k) = -73*k + 7. Let w(x) = -5*p(x) - 8*y(x). Is w(2) a prime number?
True
Is (753/(-4))/((-21)/28) a composite number?
False
Let k(m) = m - 4. Let g(c) = -c + 7. Let r(o) = -3*g(o) - 5*k(o). Let i be r(-3). Suppose -i*l + 88 = -3*t + 5*t, 4*l = -5*t + 237. Is t prime?
False
Let p = 117 + 92. Is p a composite number?
True
Is 267/2*130/39 prime?
False
Is (-4)/(48/(-1028))*3 prime?
True
Let l = 1208 - 627. Is l composite?
True
Let s = 347 - 236. Suppose 2*y = -y + s. Is y prime?
True
Let x(z) = 31*z**2 - 4*z - 2. Is x(3) composite?
True
Suppose -4*a + 3*a = -257. Is a a composite number?
False
Suppose f + 5*y + 114 = -f, -f - 51 = y. Let w = -12 - f. Suppose -3*s = 2*k - 9 - w, 3*k + 2*s - 66 = 0. Is k composite?
True
Let z = 26 + -24. Suppose -z*g + 1191 = g. Is g composite?
False
Let j = -387 + 578. Is j prime?
True
Let s = -8 - -8. Let p(o) = 2*o**2 + 0*o**2 - o - o**2 + 223. Is p(s) a composite number?
False
Is 0*(-5)/(-25) - -87 a composite number?
True
Let c(j) = 35*j + 46. Is c(8) prime?
False
Suppose 2*c - 311 + 57 = 0. Is c prime?
True
Suppose -2*t + 179 + 1623 = 0. Is t a prime number?
False
Suppose g - 2*m - 783 = 0, -1396 = -4*g - 2*m + 1716. Is g a composite number?
True
Suppose 60 + 1899 = 3*w. Is w composite?
False
Suppose -f - 105 = -6. Let p be -284*2/(-3 + -1). Let h = p + f. Is h composite?
False
Let v(g) = 51*g + 1. Let a be v(-2). Let u = 280 + a. Is u a prime number?
True
Let u = 46 - -47. Is u prime?
False
Suppose -t - 5*g = 16, g = 3*t + 5*g + 4. Suppose 0 = -0*i + t*i - 3012. Is i a prime number?
False
Let n = -78 - -145. Suppose 4*r - u = u + 82, -5*u = -4*r + n. Is r a prime number?
True
Let w = -746 + 1065. Is w composite?
True
Let x(n) = 6*n**3 - 2*n**2 + 2*n - 1. Let b be x(1). Let r be (-602 + b)/((-6)/(-4)). Let f = r - -609. Is f a composite number?
False
Let i = 8220 - 4391. Is i composite?
True
Let j be 8 - (-2 - -4) - 1. Let d(w) = -w**3 + 6*w**2 - 5*w + 3. Let y be d(j). Is y/6 + (-37)/(-2) a composite number?
False
Let o(n) = 25*n + 2. Let p be o(2). Suppose -p = -3*v + 17. Is v a prime number?
True
Is 1/((10/10265)/2) composite?
False
Is (-2)/(3/(-111)*2) a prime number?
True
Let h = 22577 + -13272. Is h prime?
False
Is (-2 - -1781)/(-5 - -6) composite?
True
Let u(d) = d**2 + 6*d - 8. Let i be u(-7). Let a(r) = 2 - 82*r - 1 + 16*r. Is a(i) a prime number?
True
Suppose -u + 575 = 3*i - 378, 1906 = 2*u - i. Is u a prime number?
True
Let t = 35 - -8. Is t composite?
False
Let z be 5*(16/(-20))/(-2). Let y be 20/((4/(-6))/(-1)). Suppose z*h + h - y = 0. Is h a prime number?
False
Let o(k) = -4*k - 6. Let l be o(-10). Let n(j) = 9*j**2 + 4*j. Let y be n(-3). Let c = y - l. Is c a prime number?
False
Suppose 4*n + 3*x = 4*x + 450, 3*n = 2*x + 335. Is n a prime number?
True
Let a(d) = 29*d - 6. Let i be a(6). Suppose 2*n - 3*h - 155 - 9 = 0, 5*h + i = 2*n. Is n a composite number?
False
Let m(p) = -p + 1. Let l be m(-1). Is l*(270/4 + -4) a composite number?
False
Let d = -91 - -187. Let p = d + 113. Is p prime?
False
Let s(v) = -17*v + 76. Is s(-15) a prime number?
True
Suppose -2*b = -3*w - 12 - 3, -3*b + 15 = -3*w. Suppose 5*h = 3*x + 135, 3*h + b*x + 3*x = 81. Suppose 2*s = 5*s - h. Is s a composite number?
True
Suppose x = d + 3*x - 4, 2*x = 5*d - 20. Let s be (-8)/6*702/(-4). Suppose -5*c - d = -s. Is c a composite number?
True
Let k be (-569)/(-3) + (-1)/(-3). Suppose 4 + 12 = 4*m. Is (3 + -1)/(m/k) a prime number?
False
Let z(l) = -l**3 + 6*l**2 + 2*l + 4. Let m(a) = -a**2 - 8*a + 5. Let u be m(-8). Is z(u) a composite number?
True
Let l(y) = 25*y + 10. Let z(d) = -13*d + 4. Let g(b) = -3*b + 1. Let a(u) = -9*g(u) + 2*z(u). Let f(i) = 6*a(i) + l(i). Is f(3) a composite number?
False
Is 5228/36 + (-8)/36 prime?
False
Let z(x) = 18*x + 4. Let n be z(6). Suppose 4*u = -2*c - c + 68, 5*u - 3*c - n = 0. Is 9/(-2)*u/(-6) a composite number?
True
Let w be (-7)/(-1) + 2 + -4. Suppose w*f + 30 = 5*t, 5 - 1 = f. Is t a prime number?
False
Let p(v) = v**3 - 8*v**2 - 9*v + 1. Let m be p(9). Is 1 - (2 + -60) - m prime?
False
Let f(u) be the second derivative of -u**4/12 - 7*u**3/6 + 5*u**2 - u. Suppose -2 = -3*r - 23. Is f(r) a composite number?
True
Let z = 1 + 0. Is (z - 3 - -1)*-19 composite?
False
Suppose -5*g = b - 1476, -4*b + 3 + 1 = 0. Is g a prime number?
False
Let x(u) = -u + 6. Let k = -19 + 10. Let y be x(k). Suppose -4*n + 39 = b - y, -n = 5*b - 289. Is b prime?
False
Let c be 37/2 - 11/22. Is (c/(-12))/((-3)/42) a prime number?
False
Let n(r) = -104*r + 27. Is n(-11) a composite number?
False
Is (-6626)/(-4) - 6/(-12) composite?
False
Suppose -5*b + 10*b - 160 = 0. Suppose j = -2*g - 42, 4*j - 21 = g + 3*j. Let n = g + b. Is n a composite number?
False
Let m be ((-2084)/(-10))/(2/(-160)). Is (1/4)/((-8)/m) a prime number?
True
Let q be (6 - 0)*(-3)/(-9). Suppose 0 = -q*d - 10, -w + 5*d = -6*w + 865. Suppose 2*o - w = 16. Is o composite?
False
Let t = 21 - 12. Suppose -3*k + s + t = 0, -1 = 5*k + 2*s - 5. Suppose -5*h - 4*m = -291, 102 = -0*h + 2*h - k*m. Is h a prime number?
False
Let u be (-18)/12*2*1. Is (818/4)/(u/(-6)) composite?
False
Let t = 7 + -4. Let h = -1 + t. Suppose 0 = -h*f + 30 + 8. Is f a composite number?
False
Suppose 2*m + 2*g = g + 73, 4*m - 151 = -g. Is m a composite number?
True
Let h(r) = 0 - 4*r**2 + 1 - 3*r + 7*r**2. Let f be h(2). Suppose -26 = -m + f. Is m a composite number?
True
Let k(w) = w**3 - 19*w**2 + 8*w - 3. Is k(19) prime?
True
Suppose 41 = 4*r + 2*y - 9, 3*y - 53 = -4*r. Let h be 20/r + 6/33. Suppose n = h*n - 26. Is n a composite number?
True
Suppose -13*v - 6*v + 45049 = 0. Is v a composite number?
False
Suppose -1 = -2*c - 3. Let q = 14 + -12. Is c/q - (-21)/6 prime?
True
Let f be 0 + ((-2)/1 - -5). Suppose 672 = f*w - 81. Is w a prime number?
True
Let q(l) = l**3 + l**2 - 1. Suppose 1 - 9 = -4*s. Is q(s) prime?
True
Suppose 1 = -4*w + 17. Suppose 0 = 3*c - w*c + 172. Let s = c - 115. Is s a composite number?
True
Let c = -3 - -5. Suppose 5*r + 4*g = 3286 + 3930, -7222 = -5*r + c*g. Suppose -209 = 5*v - r. Is v prime?
False
Suppose 0 = 3*r - 5*x - 294, 4*r + 4*x = -x + 427. Let z = 156 - r. Is z prime?
True
Let s = 78 - 39. Is s prime?
False
Suppose 10*b - 12488 = 2*b. Is b a composite number?
True
Let s = 11142 + -1907. Is s prime?
False
Let p = 5265 - 3112. Is p prime?
True
Let t be (-1 + 2 - 1)/2. Suppose -508 = -y - t*y. Is (y/6)/((-2)/(-3)) a prime number?
True
Let f be (-10)/(-8) + (-5)/20. Suppose r - 6 + f = 0, -92 = -3*x + 2*r. Is x prime?
False
Let u(r) = -211*r**2 + 4. Let w(t) = 633*t**2 - 11. Let c be 2*5/2 - 1. Let v(z) = c*w(z) + 11*u(z). Is v(1) a composite number?
False
Suppose 5*b = 377 + 43. Let o = -49 + b. Is o prime?
False
Let c(q) = q**3 + 23*q**2 - 18*q - 5. Is c(-12) prime?
False
Let y be 340/(-9) + (-2)/9. Let l = -25 - y. Suppose l = 5*o - 22. Is o composite?
False
Suppose -7 + 22 = 5*f. Let m(p) = p + 4. Let w be m(f). Suppose -z + 2*z = w. Is z composite?
False
Suppose 0 = 5*j + 2*v + 6, 2*v + 5 = -4*j + 1. Let d(m) = -28*m - 3. Is d(j) a prime number?
True
Suppose 6*o - o + 3*w - 80 = 0, -5*w + 90 = 5*o. Let g(a) = -a**2 + 11*a + 6. Let i be g(12). Let j = i + o. Is j a composite number?
False
Let g(m) = -1472*m**3 - 1. Is g(-1) composite?
False
Suppose o - 107 = -18. Is o a composite number?
False
Let g(q) = -4*q**2 - 